{"id":1052,"date":"2020-02-10T12:57:14","date_gmt":"2020-02-10T12:57:14","guid":{"rendered":"https:\/\/imaxilodental.com\/wp-content\/uploads\/2020\/02\/cepillado-ni\u00f1os-Institut-Maxilodental-del-Vall\u00e8s.mp4"},"modified":"2020-02-10T13:06:03","modified_gmt":"2020-02-10T13:06:03","slug":"cepillado-ninos-institut-maxilodental-del-valles-2","status":"inherit","type":"attachment","link":"https:\/\/imaxilodental.com\/ca\/7-consells-perque-els-nens-es-raspallin-be-les-dents\/cepillado-ninos-institut-maxilodental-del-valles-2\/","title":{"rendered":"cepillado ni\u00f1os- Institut Maxilodental del Vall\u00e8s"},"author":1,"featured_media":0,"comment_status":"open","ping_status":"closed","template":"","meta":[],"class_list":["post-1052","attachment","type-attachment","status-inherit","hentry"],"yoast_head":"<!-- This site is optimized with the Yoast SEO plugin v27.2 - https:\/\/yoast.com\/product\/yoast-seo-wordpress\/ -->\n<title>cepillado ni\u00f1os- Institut Maxilodental del Vall\u00e8s - iMaxilodental<\/title>\n<meta name=\"robots\" content=\"index, follow, max-snippet:-1, max-image-preview:large, max-video-preview:-1\" \/>\n<link rel=\"canonical\" href=\"https:\/\/imaxilodental.com\/wp-content\/uploads\/2020\/02\/cepillado-ni\u00f1os-Institut-Maxilodental-del-Vall\u00e8s.mp4\" \/>\n<meta property=\"og:locale\" content=\"ca_ES\" \/>\n<meta property=\"og:type\" content=\"article\" \/>\n<meta property=\"og:title\" content=\"cepillado ni\u00f1os- Institut Maxilodental del Vall\u00e8s - iMaxilodental\" \/>\n<meta property=\"og:description\" content=\"https:\/\/imaxilodental.com\/wp-content\/uploads\/2020\/02\/cepillado-ni\u00f1os-Institut-Maxilodental-del-Vall\u00e8s.mp4\" \/>\n<meta property=\"og:url\" content=\"https:\/\/imaxilodental.com\/wp-content\/uploads\/2020\/02\/cepillado-ni\u00f1os-Institut-Maxilodental-del-Vall\u00e8s.mp4\" \/>\n<meta property=\"og:site_name\" content=\"iMaxilodental\" \/>\n<meta property=\"article:modified_time\" content=\"2020-02-10T13:06:03+00:00\" \/>\n<script type=\"application\/ld+json\" class=\"yoast-schema-graph\">{\"@context\":\"https:\/\/schema.org\",\"@graph\":[{\"@type\":\"WebPage\",\"@id\":\"https:\/\/imaxilodental.com\/wp-content\/uploads\/2020\/02\/cepillado-ni\u00f1os-Institut-Maxilodental-del-Vall\u00e8s.mp4\",\"url\":\"https:\/\/imaxilodental.com\/wp-content\/uploads\/2020\/02\/cepillado-ni\u00f1os-Institut-Maxilodental-del-Vall\u00e8s.mp4\",\"name\":\"cepillado ni\u00f1os- Institut Maxilodental del Vall\u00e8s - iMaxilodental\",\"isPartOf\":{\"@id\":\"https:\/\/imaxilodental.com\/#website\"},\"datePublished\":\"2020-02-10T12:57:14+00:00\",\"dateModified\":\"2020-02-10T13:06:03+00:00\",\"breadcrumb\":{\"@id\":\"https:\/\/imaxilodental.com\/wp-content\/uploads\/2020\/02\/cepillado-ni\u00f1os-Institut-Maxilodental-del-Vall\u00e8s.mp4#breadcrumb\"},\"inLanguage\":\"ca\",\"potentialAction\":[{\"@type\":\"ReadAction\",\"target\":[\"https:\/\/imaxilodental.com\/wp-content\/uploads\/2020\/02\/cepillado-ni\u00f1os-Institut-Maxilodental-del-Vall\u00e8s.mp4\"]}]},{\"@type\":\"BreadcrumbList\",\"@id\":\"https:\/\/imaxilodental.com\/wp-content\/uploads\/2020\/02\/cepillado-ni\u00f1os-Institut-Maxilodental-del-Vall\u00e8s.mp4#breadcrumb\",\"itemListElement\":[{\"@type\":\"ListItem\",\"position\":1,\"name\":\"Portada\",\"item\":\"https:\/\/imaxilodental.com\/ca\/\"},{\"@type\":\"ListItem\",\"position\":2,\"name\":\"7 Consells perqu\u00e8 els nens es raspallin b\u00e9 les dents\",\"item\":\"https:\/\/imaxilodental.com\/ca\/7-consells-perque-els-nens-es-raspallin-be-les-dents\/\"},{\"@type\":\"ListItem\",\"position\":3,\"name\":\"cepillado ni\u00f1os- Institut Maxilodental del Vall\u00e8s\"}]},{\"@type\":\"WebSite\",\"@id\":\"https:\/\/imaxilodental.com\/#website\",\"url\":\"https:\/\/imaxilodental.com\/\",\"name\":\"iMaxilodental\",\"description\":\"\",\"potentialAction\":[{\"@type\":\"SearchAction\",\"target\":{\"@type\":\"EntryPoint\",\"urlTemplate\":\"https:\/\/imaxilodental.com\/?s={search_term_string}\"},\"query-input\":{\"@type\":\"PropertyValueSpecification\",\"valueRequired\":true,\"valueName\":\"search_term_string\"}}],\"inLanguage\":\"ca\"}]}<\/script>\n<!-- \/ Yoast SEO plugin. -->","yoast_head_json":{"title":"cepillado ni\u00f1os- Institut Maxilodental del Vall\u00e8s - iMaxilodental","robots":{"index":"index","follow":"follow","max-snippet":"max-snippet:-1","max-image-preview":"max-image-preview:large","max-video-preview":"max-video-preview:-1"},"canonical":"https:\/\/imaxilodental.com\/wp-content\/uploads\/2020\/02\/cepillado-ni\u00f1os-Institut-Maxilodental-del-Vall\u00e8s.mp4","og_locale":"ca_ES","og_type":"article","og_title":"cepillado ni\u00f1os- Institut Maxilodental del Vall\u00e8s - iMaxilodental","og_description":"https:\/\/imaxilodental.com\/wp-content\/uploads\/2020\/02\/cepillado-ni\u00f1os-Institut-Maxilodental-del-Vall\u00e8s.mp4","og_url":"https:\/\/imaxilodental.com\/wp-content\/uploads\/2020\/02\/cepillado-ni\u00f1os-Institut-Maxilodental-del-Vall\u00e8s.mp4","og_site_name":"iMaxilodental","article_modified_time":"2020-02-10T13:06:03+00:00","schema":{"@context":"https:\/\/schema.org","@graph":[{"@type":"WebPage","@id":"https:\/\/imaxilodental.com\/wp-content\/uploads\/2020\/02\/cepillado-ni\u00f1os-Institut-Maxilodental-del-Vall\u00e8s.mp4","url":"https:\/\/imaxilodental.com\/wp-content\/uploads\/2020\/02\/cepillado-ni\u00f1os-Institut-Maxilodental-del-Vall\u00e8s.mp4","name":"cepillado ni\u00f1os- Institut Maxilodental del Vall\u00e8s - iMaxilodental","isPartOf":{"@id":"https:\/\/imaxilodental.com\/#website"},"datePublished":"2020-02-10T12:57:14+00:00","dateModified":"2020-02-10T13:06:03+00:00","breadcrumb":{"@id":"https:\/\/imaxilodental.com\/wp-content\/uploads\/2020\/02\/cepillado-ni\u00f1os-Institut-Maxilodental-del-Vall\u00e8s.mp4#breadcrumb"},"inLanguage":"ca","potentialAction":[{"@type":"ReadAction","target":["https:\/\/imaxilodental.com\/wp-content\/uploads\/2020\/02\/cepillado-ni\u00f1os-Institut-Maxilodental-del-Vall\u00e8s.mp4"]}]},{"@type":"BreadcrumbList","@id":"https:\/\/imaxilodental.com\/wp-content\/uploads\/2020\/02\/cepillado-ni\u00f1os-Institut-Maxilodental-del-Vall\u00e8s.mp4#breadcrumb","itemListElement":[{"@type":"ListItem","position":1,"name":"Portada","item":"https:\/\/imaxilodental.com\/ca\/"},{"@type":"ListItem","position":2,"name":"7 Consells perqu\u00e8 els nens es raspallin b\u00e9 les dents","item":"https:\/\/imaxilodental.com\/ca\/7-consells-perque-els-nens-es-raspallin-be-les-dents\/"},{"@type":"ListItem","position":3,"name":"cepillado ni\u00f1os- Institut Maxilodental del Vall\u00e8s"}]},{"@type":"WebSite","@id":"https:\/\/imaxilodental.com\/#website","url":"https:\/\/imaxilodental.com\/","name":"iMaxilodental","description":"","potentialAction":[{"@type":"SearchAction","target":{"@type":"EntryPoint","urlTemplate":"https:\/\/imaxilodental.com\/?s={search_term_string}"},"query-input":{"@type":"PropertyValueSpecification","valueRequired":true,"valueName":"search_term_string"}}],"inLanguage":"ca"}]}},"meta_box":[],"description":{"rendered":"<div style=\"width: 1920px;\" class=\"wp-video\"><video class=\"wp-video-shortcode\" id=\"video-1052-2\" width=\"1920\" height=\"1080\" preload=\"metadata\" controls=\"controls\"><source type=\"video\/mp4\" src=\"https:\/\/imaxilodental.com\/wp-content\/uploads\/2020\/02\/cepillado-ni\u00f1os-Institut-Maxilodental-del-Vall\u00e8s.mp4?_=2\" \/><a href=\"https:\/\/imaxilodental.com\/wp-content\/uploads\/2020\/02\/cepillado-ni\u00f1os-Institut-Maxilodental-del-Vall\u00e8s.mp4\">https:\/\/imaxilodental.com\/wp-content\/uploads\/2020\/02\/cepillado-ni\u00f1os-Institut-Maxilodental-del-Vall\u00e8s.mp4<\/a><\/video><\/div>\n"},"caption":{"rendered":"<p>https:\/\/imaxilodental.com\/wp-content\/uploads\/2020\/02\/cepillado-ni\u00f1os-Institut-Maxilodental-del-Vall\u00e8s.mp4<\/p>\n"},"alt_text":"","media_type":"file","mime_type":"video\/mp4","media_details":{"filesize":23163193,"mime_type":"video\/mp4","length":41,"length_formatted":"0:41","width":1920,"height":1080,"fileformat":"mp4","dataformat":"quicktime","audio":{"dataformat":"mp4","codec":"ISO\/IEC 14496-3 AAC","sample_rate":48000,"channels":2,"bits_per_sample":16,"lossless":false,"channelmode":"stereo"},"created_timestamp":1581335456,"sizes":{}},"post":1058,"source_url":"https:\/\/imaxilodental.com\/wp-content\/uploads\/2020\/02\/cepillado-ni\u00f1os-Institut-Maxilodental-del-Vall\u00e8s.mp4","_links":{"self":[{"href":"https:\/\/imaxilodental.com\/ca\/wp-json\/wp\/v2\/media\/1052","targetHints":{"allow":["GET"]}}],"collection":[{"href":"https:\/\/imaxilodental.com\/ca\/wp-json\/wp\/v2\/media"}],"about":[{"href":"https:\/\/imaxilodental.com\/ca\/wp-json\/wp\/v2\/types\/attachment"}],"author":[{"embeddable":true,"href":"https:\/\/imaxilodental.com\/ca\/wp-json\/wp\/v2\/users\/1"}],"replies":[{"embeddable":true,"href":"https:\/\/imaxilodental.com\/ca\/wp-json\/wp\/v2\/comments?post=1052"}],"wp:attached-to":[{"embeddable":true,"post_type":"post","id":1058,"href":"https:\/\/imaxilodental.com\/ca\/wp-json\/wp\/v2\/posts\/1058"}],"curies":[{"name":"wp","href":"https:\/\/api.w.org\/{rel}","templated":true}]}}

https://imaxilodental.com/wp-content/uploads/2020/02/cepillado-niños-Institut-Maxilodental-del-Vallès.mp4

cepillado niños- Institut Maxilodental del Vallès

<!-- This site is optimized with the Yoast SEO plugin v27.2 - https://yoast.com/product/yoast-seo-wordpress/ -->
<title>cepillado niños- Institut Maxilodental del Vallès - iMaxilodental</title>
<meta name="robots" content="index, follow, max-snippet:-1, max-image-preview:large, max-video-preview:-1" />
<link rel="canonical" href="https://imaxilodental.com/wp-content/uploads/2020/02/cepillado-niños-Institut-Maxilodental-del-Vallès.mp4" />
<meta property="og:locale" content="ca_ES" />
<meta property="og:type" content="article" />
<meta property="og:title" content="cepillado niños- Institut Maxilodental del Vallès - iMaxilodental" />
<meta property="og:description" content="https://imaxilodental.com/wp-content/uploads/2020/02/cepillado-niños-Institut-Maxilodental-del-Vallès.mp4" />
<meta property="og:url" content="https://imaxilodental.com/wp-content/uploads/2020/02/cepillado-niños-Institut-Maxilodental-del-Vallès.mp4" />
<meta property="og:site_name" content="iMaxilodental" />
<meta property="article:modified_time" content="2020-02-10T13:06:03+00:00" />
<script type="application/ld+json" class="yoast-schema-graph">{"@context":"https://schema.org","@graph":[{"@type":"WebPage","@id":"https://imaxilodental.com/wp-content/uploads/2020/02/cepillado-niños-Institut-Maxilodental-del-Vallès.mp4","url":"https://imaxilodental.com/wp-content/uploads/2020/02/cepillado-niños-Institut-Maxilodental-del-Vallès.mp4","name":"cepillado niños- Institut Maxilodental del Vallès - iMaxilodental","isPartOf":{"@id":"https://imaxilodental.com/#website"},"datePublished":"2020-02-10T12:57:14+00:00","dateModified":"2020-02-10T13:06:03+00:00","breadcrumb":{"@id":"https://imaxilodental.com/wp-content/uploads/2020/02/cepillado-niños-Institut-Maxilodental-del-Vallès.mp4#breadcrumb"},"inLanguage":"ca","potentialAction":[{"@type":"ReadAction","target":["https://imaxilodental.com/wp-content/uploads/2020/02/cepillado-niños-Institut-Maxilodental-del-Vallès.mp4"]}]},{"@type":"BreadcrumbList","@id":"https://imaxilodental.com/wp-content/uploads/2020/02/cepillado-niños-Institut-Maxilodental-del-Vallès.mp4#breadcrumb","itemListElement":[{"@type":"ListItem","position":1,"name":"Portada","item":"https://imaxilodental.com/ca/"},{"@type":"ListItem","position":2,"name":"7 Consells perquè els nens es raspallin bé les dents","item":"https://imaxilodental.com/ca/7-consells-perque-els-nens-es-raspallin-be-les-dents/"},{"@type":"ListItem","position":3,"name":"cepillado niños- Institut Maxilodental del Vallès"}]},{"@type":"WebSite","@id":"https://imaxilodental.com/#website","url":"https://imaxilodental.com/","name":"iMaxilodental","description":"","potentialAction":[{"@type":"SearchAction","target":{"@type":"EntryPoint","urlTemplate":"https://imaxilodental.com/?s={search_term_string}"},"query-input":{"@type":"PropertyValueSpecification","valueRequired":true,"valueName":"search_term_string"}}],"inLanguage":"ca"}]}</script>
<!-- / Yoast SEO plugin. -->

cepillado niños- Institut Maxilodental del Vallès - iMaxilodental

https://imaxilodental.com/wp-content/uploads/2020/02/cepillado-niños-Institut-Maxilodental-del-Vallès.mp4#breadcrumb

7 Consells perquè els nens es raspallin bé les dents

<div style="width: 1920px;" class="wp-video"><video class="wp-video-shortcode" id="video-1052-2" width="1920" height="1080" preload="metadata" controls="controls"><source type="video/mp4" src="https://imaxilodental.com/wp-content/uploads/2020/02/cepillado-niños-Institut-Maxilodental-del-Vallès.mp4?_=2" /><a href="https://imaxilodental.com/wp-content/uploads/2020/02/cepillado-niños-Institut-Maxilodental-del-Vallès.mp4">https://imaxilodental.com/wp-content/uploads/2020/02/cepillado-niños-Institut-Maxilodental-del-Vallès.mp4</a></video></div>

<p>https://imaxilodental.com/wp-content/uploads/2020/02/cepillado-niños-Institut-Maxilodental-del-Vallès.mp4</p>
